-14 composite?
True
Let w = -835 + 1392. Is w a prime number?
True
Suppose -3*l - 15 = 9. Let c(w) = -w**3 - 8*w**2 + w + 11. Let q be c(l). Suppose q*b = 104 + 49. Is b a prime number?
False
Suppose -5*m = 5*d + 10, -2*d - 22 = -2*m - 2*m. Let r(t) = -4*t**m - 4 - t**2 - 2*t + 3*t**3 + 2*t + t. Is r(-5) a prime number?
False
Let k = 28 + -18. Let p be k/(801/(-804) + 1). Suppose 0 = 5*a + 5*q - p, 2*q - 531 = -4*a + 3*a. Is a composite?
False
Let v = 2598 - 657. Suppose 3*b - 2*w - w - v = 0, b + w - 651 = 0. Is b prime?
False
Is ((-1 + -29156)/((-99)/33))/1 prime?
True
Let y(r) = 2*r + 7. Let h be y(-5). Let i = -3 - h. Suppose -2*n + i*n = -86. Is n composite?
False
Let q be 2159 - (2 - (1 - -3)). Let r = -1340 + q. Is r prime?
True
Let k(u) = -u + 20. Let b be k(15). Suppose 2*w + t - b*t = 498, 0 = -w + 5*t + 246. Is w a prime number?
True
Let g(j) = j - 2. Let n(d) = d + 10. Let q be n(-5). Let l be g(q). Suppose -p = 4 - 6, l*y - 1029 = -3*p. Is y prime?
False
Is (-24)/(-228) - (3565161/57)/(-3) a prime number?
True
Suppose 0 = -5*b + 19 - 4. Let r = 284 - 284. Is r/(-4) + 9/b a prime number?
True
Suppose -3*i + 30 = -2*i. Is 50/i - (-3256)/3 a composite number?
False
Suppose 47597 = -23*f + 34*f. Is f prime?
True
Suppose -13*u - 13199 + 220380 = 0. Is u a prime number?
True
Let m be 1 - (12 + -4) - 0. Let t(a) = -279*a - 22. Is t(m) a prime number?
True
Let c be (7 - 4)*4/(-3). Let b be (c + -4)/((-3)/36). Suppose -b = -2*d + 194. Is d a prime number?
False
Let a = 3542 + -10268. Let w = 9805 + a. Is w a composite number?
False
Suppose 6*c - 5 = 5*c. Suppose 5*d = 2*n - 303 + 1226, 0 = c*d - 5*n - 920. Is d prime?
False
Let w(o) = -o**3 - 3*o**2 + 14*o + 21. Let c be 4/4 - 11 - -1. Is w(c) composite?
True
Suppose 4*x - 5*x = 2748. Let w = -1187 - x. Is w a composite number?
True
Let j = -60 - -21. Is 199 + ((-7)/(-5) - j/65) a prime number?
False
Let l = -9185 - -16684. Is l prime?
True
Let p(u) = u**3 - 29*u**2 + 60*u - 31. Is p(34) composite?
False
Let f(k) = k**3 + 4*k**2 - 6*k - 2. Let r be f(-5). Suppose -r*q = -0*q - 21. Let x(t) = -t**3 + 9*t**2 + 8*t - 5. Is x(q) composite?
False
Suppose -1044 = -z + 1193. Is z prime?
True
Suppose 3*l + 130 = 34. Let w = l + 32. Suppose w*d - 2*d + 382 = 0. Is d a composite number?
False
Let l(w) = 1170*w**2 + w. Is l(-1) prime?
False
Let v(r) = -795*r - 47. Is v(-2) composite?
False
Let k = -7 - -13. Suppose 0 = -2*c + 816 + 1336. Is k/(-4) - c/(-8) a composite number?
True
Let d(f) be the first derivative of 13*f**4/4 - f**3/3 + 3*f**2/2 + 4*f - 5. Is d(3) composite?
True
Let w(y) = 2*y**2 + y - 7. Let o be w(-7). Suppose 3*a + 5*c - o = 339, -4*a = -5*c - 564. Is a composite?
True
Suppose 5*b - 2 = -4*t + 6, b = 0. Suppose -107 + 621 = t*n. Is n a composite number?
False
Suppose 59*n - 61*n + 7874 = 0. Is n composite?
True
Let n = -58 + 60. Suppose -84 - 146 = -n*m. Is m composite?
True
Suppose y = 5*y - 48. Is 3549/y - (-6)/(-8) composite?
True
Suppose -60*w - 67207 = -67*w. Is w a prime number?
True
Let q = 20 + -18. Suppose -4*i + 3*p + 4598 = 0, 2778 = q*i - 2*p + 480. Is i prime?
True
Let g(v) = 7*v**2 - 5*v + 2. Let h = 20 - 7. Let o be g(h). Suppose 5*t = 2*m + 1863, m - o = -3*t - 0*m. Is t a prime number?
True
Is 2/7 + (-15 - 2376504/(-84)) prime?
True
Let d(x) = -190*x + 21. Let h(n) = -2*n**3 + 3*n**2 + n - 3. Let k be h(2). Is d(k) a prime number?
True
Suppose 3*w + u - 292863 = -w, w - 73237 = 4*u. Is w a composite number?
True
Let x = 20442 - 5325. Is x composite?
True
Suppose -5*k - 5 = 0, 9*i + k - 27541 = 7*i. Is i a prime number?
False
Suppose -4 = 4*f + 4, 0 = 3*j + f - 12355. Is j prime?
False
Suppose -33*g + 60132 = -13425. Is g a prime number?
False
Suppose 7*x + 3 = 24. Suppose 2*i + 2090 = b + b, -2*b + 2093 = -x*i. Is b prime?
False
Is (-2 - -4)*(-1)/((-12)/20442) prime?
True
Let u(a) = 4079*a + 33. Let f be u(4). Suppose k + 3*o - 4*o = 3268, 5*k - 2*o = f. Is k a prime number?
True
Let r = 77 - 74. Suppose r*c - 1102 = 299. Is c composite?
False
Let l(p) = -p**2 - 10*p - 15. Let x be l(-6). Let r be (-8)/32 + 42/8. Suppose x*k - 356 = r*k. Is k prime?
True
Let y(q) be the first derivative of 16*q**3/3 - 9*q**2 + 28*q + 2. Let x(g) = -11*g**2 + 12*g - 19. Let m(i) = 7*x(i) + 5*y(i). Is m(6) prime?
True
Let v(i) be the second derivative of -4*i**3/3 - 5*i**2/2 - 5*i. Is v(-2) prime?
True
Let u = 7946 - -58787. Is u a prime number?
True
Suppose 5*m = 3*j - 25, 2*m + 8 = 3*j - 11. Suppose x - j = -0. Suppose 5*p = -n + 400, 5*p - 316 - 104 = -x*n. Is p a prime number?
True
Let o be (6/(-8))/((-4)/(-16176)). Is 4*(o/4)/(-9) a prime number?
True
Let n = 5 + -3. Let o be 61/n*18/9. Let j = o - -82. Is j composite?
True
Suppose -15 = r + 4*g, -18 = 6*r - 2*r + 2*g. Is (r - -1)/((-4)/974) a prime number?
True
Suppose 5*h - 10801 = -z, 0*z = -3*h - 5*z + 6463. Is h composite?
False
Suppose 3*t + 83 = 4*t. Let a = t + 0. Is a composite?
False
Let k = -5080 + 8423. Is k composite?
False
Suppose -5*y = -0*y. Suppose m + 4*c - 15 = 0, -4*m = -c - 4*c - 39. Suppose y = -7*q + m*q - 1708. Is q prime?
False
Suppose -3 = -3*f + 9. Let x(m) = 25*m**2 + 2*m - 7. Is x(f) prime?
True
Suppose -33913 = -3*f + 4*l + 178108, -5*f + 353349 = 3*l. Is f composite?
True
Let h = -54 + 59. Suppose 5*b + p = 555, h*p + 111 = b + p. Is b a composite number?
True
Is 3/((-6)/(-4)) - (-47 + -17820) a composite number?
True
Suppose -j = -3*z - 2512, -5*j + 6*j + 3*z - 2530 = 0. Is j prime?
True
Let k = 10 + -10. Let a(t) = 5*t**2. Let y be a(-1). Suppose 2*o = k, -y*f - 2*o + 758 = -1737. Is f a prime number?
True
Let h(q) = -118*q - 2. Suppose m - 8 = 3*m. Let j be h(m). Suppose r = -3*k + j, -2*r + k + 970 = -3*k. Is r a composite number?
False
Let n(x) = 933*x + 49. Let c(k) = k**2 - 18*k + 23. Let b be c(17). Is n(b) a composite number?
False
Suppose -5*n = a + 16 + 1, -4*n = a + 20. Suppose -4*u - 235 = -5*v, 3*v - v - 2*u = 92. Let m = a + v. Is m composite?
False
Let i(l) be the second derivative of l**5/20 - 5*l**4/12 + 2*l**2 - 7*l. Let z be i(5). Let a(v) = 12*v + 5. Is a(z) composite?
False
Suppose -7*q - 27 = -62. Suppose h = -q*h + 2076. Is h a prime number?
False
Suppose 16*a - 76753 = 35167. Is a prime?
False
Suppose -6*w - 76 = -10*w. Let n(p) = -2*p**3 - 2*p**2 + p - 1. Let r be n(-2). Suppose -w - 136 = -r*d. Is d prime?
True
Suppose -3*f = -2*g + 584, 7*g + 1168 = 11*g + 5*f. Let c = g + 1. Is c prime?
True
Let i(r) = -5*r - 2. Let l be i(-2). Suppose 2*n + 5*a = -9 - 5, 4*a = -l. Is 13/2*(n + 6) prime?
False
Let y(c) be the second derivative of 14*c**3/3 + 17*c**2/2 + 9*c. Let a be y(7). Suppose 4*q - 2*j - 386 = 0, -3*q = -q - 5*j - a. Is q a prime number?
False
Let i be (326/(-6))/((-9)/135). Let f = 559 - i. Let t = f - -371. Is t a prime number?
False
Let a(f) be the third derivative of -f**6/120 + 2*f**5/15 - 5*f**4/24 - 7*f**3/2 + f**2 + 8. Is a(-11) a prime number?
True
Let a(g) be the first derivative of -2*g**3 + 4*g - 5. Let j be a(-2). Is 1038/(-4)*j/6 prime?
False
Is 15 + -18 + 4710/3 a prime number?
True
Suppose 589*x - 578898 = 571*x. Is x a prime number?
False
Suppose 3*z - 13 = b, z - 4 = -z + 3*b. Suppose z*q - 7*q - 6 = 0. Is (-49)/((-8)/(-4) + q) a composite number?
True
Let v(u) = -u**3 + 4*u**2 - 2*u. Let f be v(3). Let z(b) = 156*b + 239*b + f + 2 - 7. Is z(1) a composite number?
True
Suppose q + 0*q - 3*v + 12 = 0, 8 = -4*q + 4*v. Let c(x) = 65*x**3 + x**2 - 4*x + 7. Is c(q) prime?
True
Is 203*((-11)/(-33))/(1/3) prime?
False
Let i(j) = -j**2 - j + 4. Let y(o) = -o + 12. Let l be y(12). Let t be i(l). Suppose -4*n - a = -0*a - 278, -t*a = -8. Is n a composite number?
True
Suppose 0 = -v + 2*q - 472, 2*v - 2*q - q = -948. Let o be (-3070)/4 - 1/(-2). Let i = v - o. Is i prime?
False
Is (-92660)/(-6) - (-14)/(-42) a composite number?
False
Suppose 0 = -3*k + 7*k + 4, 2*v = 2*k + 4008. Is v composite?
False
Suppose 1 = 2*r - 4*r - 3*q, 3*r + 3*q + 3 = 0. Is 3 - ((r - 2) + -914) composite?
True
Suppose 2*p - 4*z + 0*z = 76, 198 = 5*p - 2*z. Suppose 0 = -2*s + 2*h + p, 4*s + h = -0*h + 75. Is s a prime number?
True
Suppose -671*b - 2676 = -677*b. Is b a prime number?
False
Suppose 30 = 3*v - 5*v. Let x = v - 17. Let j = x - -53. Is j a composite number?
True
L